) = -4*d(t) - 11*r(t). Suppose -155*y - 64*y - 3070 = 653. Determine w(y).
-7
Let f = 62 + -53. Suppose 6*a - f*a = -3. Let m(g) = g**3 + 8*g**2 + 5*g + 11. Let j(w) = w**3 + 5*w**2 + 3*w + 7. Let k(l) = -8*j(l) + 5*m(l). Determine k(a).
-3
Let v(o) = o**2 - 14*o - 21. Let a = -30467 - -30483. Calculate v(a).
11
Let j(d) be the second derivative of -d**4/12 + 5*d**3/6 + 2*d**2 + d. Let q = -316771 + 316776. What is j(q)?
4
Let p(g) = 15*g**2 - g + 2. Let k(x) = -13*x**2 + x - 2. Let c(n) = -4*k(n) - 5*p(n). Give c(2).
-92
Let c(a) be the first derivative of -a**3/3 - 17*a**2/2 + 8*a + 1624. Calculate c(-17).
8
Let m = 72 + -78. Let y be (m + -26 + 4)*(-1)/(-2). Let k(u) = u**3 + 15*u**2 + 14*u - 14. Give k(y).
-14
Let m(l) = 5*l**3 - 43*l**2 + 33*l + 28. Let u(t) = -6*t**3 + 45*t**2 - 33*t - 28. Let w(g) = 7*m(g) + 6*u(g). What is w(-32)?
-4
Let f(y) = -2*y**2 + 6*y + 3. Let u(z) = 2*z**2 - 7*z - 3. Let q(w) = 4*f(w) + 3*u(w). Let n be ((-3)/(-2))/((-4)/472). Let b = 180 + n. Determine q(b).
-6
Let j(o) = 11*o**2 + 4*o - 9. Let v(l) = -20*l**2 - 10*l + 16. Let t(h) = 11*j(h) + 6*v(h). Determine t(15).
-18
Let m(c) = -c**2 + c + 20. Let k(v) = 2*v**2 - 38*v - 359. Let p be k(26). What is m(p)?
0
Let l(d) = d**3 - 5*d**2 + 5*d - 3. Suppose 0 = -5*u - 5, -2*k - 2*u = -1730 + 1728. What is l(k)?
-5
Let m(x) = x**3 - 16*x**2 - 14. Suppose 5*n - 2*k + 3*k = 77, -2*n - k + 29 = 0. Calculate m(n).
-14
Suppose -51 = 6*x + 27. Let t(y) = 0 - 2*y**3 - 13*y - 14*y**2 - y**3 + 2*y**3 - 5. Give t(x).
-5
Let d(n) = -33*n + 3. Let r(b) = -51*b + 5. Let f(x) = 8*d(x) - 5*r(x). Let p(t) = -2*t. Let y(m) = f(m) - 5*p(m). Calculate y(-7).
-8
Let p be ((-3)/(-6))/((-1)/(-16)). Let x(t) be the first derivative of t**3/3 - 7*t**2/2 + 3*t - 22854. Calculate x(p).
11
Let y(l) be the second derivative of l**4/6 + 67*l**3/6 + 27*l**2/2 - 2573*l. What is y(-33)?
-6
Let i be -2 + (0 - 0) + 5. Let d(s) = s - 5*s - 2 + i*s. Suppose -6*k = -3 + 39. Give d(k).
4
Let p(y) = 3*y**3 - y. Let n be (-2 + 12)*(-2)/(-8)*-2. Let c = 7 + n. Suppose 5*l + 3*q = 3 + 2, c*q = 3*l - 3. What is p(l)?
2
Suppose 11 = -9*g + 2. Let d be 11/(-1 - -4 - 4) + g. Let z = d + 8. Let q(o) = 2*o**2 + 7*o + 5. What is q(z)?
9
Let m(d) = 6*d**2 + 21*d + 1179. Let r(y) = y**2 + y + 218. Let h(p) = -m(p) + 5*r(p). What is h(-7)?
-26
Let o be (5/(-2) - (-45)/6) + -6. Let u(g) = -16*g**2 + 2*g + 1. Calculate u(o).
-17
Let w(f) = -233*f - 2*f**2 + 4 + 110*f - 6 + 135*f. Calculate w(6).
-2
Let m = -75 + 454. Let b = -377 + m. Let n(d) = -9*d - 2. Calculate n(b).
-20
Suppose 5*q + 25 = -0*q. Let f(y) = -2*y + 25. Let s be f(11). Let c(m) = -s*m - 7*m + m**3 + 5*m + 3 + 4*m**2. Give c(q).
3
Suppose -5*n + 7 = -43. Suppose 0 = n*b - 4*b - 6. Let i(r) = 1893 + r - 1893 + 9*r + r. Determine i(b).
11
Let s(k) = -k**2 - 4*k + 4. Suppose -3*j - p + 15 = 0, 0 = -2*j + 2*p + p + 10. Let g = j - 7. Let x be 11/g - -1 - 6/12. Give s(x).
-1
Let h be (-10)/40 - -21*1/4. Suppose 0 + h = 5*d. Let f(c) = -6 + 7*c**2 - c**3 - 1 - 3 + d + 3*c. Give f(7).
12
Let b = 19 - 19. Let c be ((-44)/(-48)*3 - 3)*b. Let w(r) = -r + 4. Calculate w(c).
4
Suppose -125*s = -145*s - 80. Let k(a) = -6*a - 44. What is k(s)?
-20
Let a(b) = -b**3 - 33*b**2 + 84*b - 69. Let t be a(-35). Let s = -559 - t. Let k(m) = -m + 8. What is k(s)?
8
Let m(k) = 9*k**2 - 3*k - 6. Suppose 2 + 18 = 5*i, 2*i + 6 = 2*d. Let l(p) = -16*p**2 + 7*p + 12. Let w(s) = d*m(s) + 4*l(s). What is w(7)?
6
Let l(y) = -y**3 + 15*y**2 + 19*y + 8. Let c = -39 - -55. Let w be l(c). Let o = -57 + w. Let z(m) = -13*m**2 - m - 1. Calculate z(o).
-13
Let f(q) be the first derivative of 1/2*q**2 + 0*q + 43. Let a = 4 + -3. Give f(a).
1
Let z(d) = 24*d**2 - 396*d - 416. Let u be z(-1). Let f(t) = 4*t - 5. Let g(b) = 21*b - 24. Let v(j) = 24*f(j) - 5*g(j). What is v(u)?
-36
Let n = 3804 + -3791. Let d(m) = -m**3 + 13*m**2 + m - 3. Give d(n).
10
Let r(y) = -3*y - 22. Suppose 184*d = 592*d + 1632. Determine r(d).
-10
Let x(b) = 7*b**3 - b**2. Let q(p) = -p**3 + 2. Let k(v) = -6*q(v) - x(v). Suppose 0 = -4*d + 5*y - 25, -10 = -y - 5. What is k(d)?
-12
Let l be (-1 + 2*2)/((-24)/(-16)). Let t(q) = -5 - 5090*q**2 - 9*q + l + 2 + 5091*q**2. What is t(9)?
-1
Let v(l) = -l. Let h = 30 - 28. Suppose 4*s = -0*s - n - 13, -s - 2*n + h = 0. Let r be -2*(-14)/s*1. Calculate v(r).
7
Let w(l) be the first derivative of -3*l**2/2 - 10*l - 4. Let m(t) = -13*t**2 - 76*t + 95. Let y be m(-7). Give w(y).
20
Let l(j) be the second derivative of -1/12*j**4 - 5/3*j**3 - 210*j + 4*j**2 + 1. What is l(-7)?
29
Let f be 10/2 - (0 + -2). Suppose -f*w + 3*w = 32. Let n(d) = -5992312*d**3 + 2996162*d**3 - 8*d**2 + 2996149*d**3 + 9. Calculate n(w).
9
Let m(a) = 6*a**2 + 54*a. Suppose -3*g - 2*p = 33, -29*p = -2*g - 22*p + 3. Give m(g).
0
Let r(c) = -c - 5. Let p be -3*1*15/18*-2. Calculate r(p).
-10
Let d = 6436 + -6432. Let y(p) be the third derivative of 0 + 0*p - 2/3*p**3 - 24*p**2 + 1/12*p**d. Calculate y(4).
4
Let t(d) = -2*d**2 - 11*d + 4. Let v(i) = i**2 + 6*i - 2. Let m(z) = 3*t(z) + 5*v(z). Let p = -6065 + 6068. Calculate m(p).
-16
Let p(z) = -2*z**3 - 4*z**2 - 8*z - 9. Let d(v) = 6*v**3 + 9*v**2 + 17*v + 19. Let t(y) = 6*d(y) + 13*p(y). What is t(-1)?
-9
Let p(k) = 7*k**2 + 40*k + 24. Let r(u) = 11*u**2 + 80*u + 48. Let j(x) = 5*p(x) - 3*r(x). Give j(21).
18
Let q = -375 - -380. Suppose 2*p = s + 3, 2*p + 3*p - q = 0. Let m(k) = 0*k - 3*k - 2*k. Determine m(s).
5
Let z be (11 - 12)*4*-1. Let x(t) = -t**2 + 3*t - 3. Give x(z).
-7
Let r(d) = -7*d - 31. Let u(k) = -7*k - 31. Let c(o) = -12*r(o) + 13*u(o). Give c(-9).
32
Let y be (-21)/2*(-56)/49. Let d(i) = i - 22. What is d(y)?
-10
Let m = 46 - 44. Let q(n) = 7*n**2 + 18*n**2 - 26*n**m - 4. Give q(-3).
-13
Let l(d) = -3*d + 3*d + 10*d**3 - 7 + 12*d**2 - 5*d**3 - 6*d**3. Suppose 5*m - 9*m + 48 = 0. Calculate l(m).
-7
Let f(k) = -26*k + 101*k - 33*k - 16*k - 10*k + 54. Give f(-7).
-58
Let l(i) = i**3 + 7*i**2 - 9*i - 9. Let w(y) = -y**3 + 12*y**2 + 6*y - 1. Let c be w(11). Let o = c - 194. Calculate l(o).
-1
Let s(t) = -t**2 + 393*t - 1558. Let d be s(4). Let j(k) = -k**3 - 4*k**2 - 9*k - 10. Determine j(d).
0
Let x(p) = 8*p**2 - 57*p + 35. Let o be x(6). Let t(u) = u**3 + 17*u**2 - 40*u - 47. Give t(o).
-9
Suppose -2*u = -0*u - 18. Let b(k) be the second derivative of k**4/12 - 3*k**3/2 + k**2/2 - 362*k - 4. Determine b(u).
1
Let x(p) be the first derivative of p**2/2 + 1524. Let i(d) = -d**2 + 4*d + 4. Let h(y) = y**2 - 4*y + 3. Let n be h(4). Let g be i(n). Calculate x(g).
7
Let d(p) = -5*p**3 - 6*p**2 + 5*p + 6. Let n(u) = -90*u**3 - 5 + 94*u**3 - 4*u - u**2 + 6*u**2. Let g(f) = -5*d(f) - 6*n(f). Determine g(-2).
-6
Suppose -593 + 81 = -32*j. Let u(m) = 2*m**2 - 32*m - 6. Let c(y) = -y**2 + 16*y + 3. Let q(r) = -9*c(r) - 4*u(r). Give q(j).
-3
Let l = -12062 + 12063. Let j(y) = -48*y - 8. Calculate j(l).
-56
Let s(l) = -163*l - 318. Let p be s(-2). Let w(h) = h**2 + 11*h - 145. Calculate w(p).
7
Let h(j) = -4*j + 36 - 69 + 10 + 11 + 3*j. Give h(13).
-25
Let u(l) = -10*l + 312. Let j be (156/(-12) - -14)*31. Calculate u(j).
2
Suppose 4 = 91*p - 87*p. Let b(w) = 4*w**3 - w + 2. Let d be b(p). Let s(a) = a**3 - 7*a**2 + 8*a - 6. Give s(d).
-16
Let c(d) = d + 1. Let p be c(1). Let j be ((-16)/3)/((-8)/48). Let o(i) = 2*i + 0*i**2 + 5*i**2 - 5*i - 30 + j. Give o(p).
16
Let o(u) = -34*u**2 - 126*u - 68. Let h(y) = -10*y**2 - 42*y - 21. Let c(q) = 10*h(q) - 3*o(q). Give c(22).
38
Let a(u) = -3*u + 1. Let r(c) = c**2 + 3*c - 12. Suppose v - 11 = -h - 5, -2 = 3*v - h. Let q(m) = v*a(m) + r(m). Give q(0).
-11
Let p(j) be the first derivative of 2*j + 1/2*j**2 + 203 - 1/3*j**3. Give p(-2).
-4
Suppose 4*b - 14 + 6 = 0. Let k(z) = 3*z**2 + 6*z - 19*z**b + 9*z**2 + 5*z**2. Suppose 5*r - 5*n - 15 = 0, 3*r - 5*n - 6 - 1 = 0. Give k(r).
-8
Let h(g) be the first derivative of 4*g - 3/2*g**2 - 197. Suppose -5*o - 9 + 1 = -4*u, 5*o = -2*u + 34. What is h(u)?
-17
Let x(m) = -16*m - 47. Let f be x(-3). Suppose -l + i = -1, -4*i = l - i - f. Let o(v) = 14*v**2 + v - 1. Calculate o(l).
14
Let m(o) = -o**3 - 12*o**2 + 34*o + 18. Let b = 25857 - 25871. Give m(b).
-66
Let g(x) = -x**3 + x - 18. Let j be -10 - -6 - (-32 - 3). Let m = j - 32. Let o(z) = -8*z - 8. Let f be o(m). Cal